*m + d, 16*d = 2*m + 20*d - 10. Let z(w) = -4*w**2 + 2*w + 6. Let o be z(-4). What is the units digit of o/(-4) + m/(-2)?
6
Let h(x) = -x + 12. Let z be h(14). What is the units digit of 78/4*(-4 + (z - -8))?
9
Let n = -9 + 9. Suppose 5*x - 180 = -n*x. What is the units digit of x?
6
Suppose -n - u - 9 = -2*n, -n - 4*u - 16 = 0. Suppose -n*z - z = 0. Suppose -15 = -5*t + 2*t, z = -m - 4*t + 29. What is the units digit of m?
9
What is the tens digit of 22/(-231) + (-62504)/(-84)?
4
Let d = 419 - 381. What is the tens digit of d?
3
Suppose 0 = 7*a - 0*a - 63. Suppose -v = b + 3*b - 3, 3*b = -a. What is the units digit of v?
5
Let b = -7 + 0. Let p be 1*(3 + b + -2). Let o = -3 - p. What is the units digit of o?
3
Let g(x) be the third derivative of x**6/120 - x**5/10 + x**4/24 + x**3/2 + 10*x**2. What is the tens digit of g(8)?
3
Let d(s) be the third derivative of 11*s**5/60 + s**4/8 - s**3/3 - 4*s**2. Let g be d(2). Suppose -4*j = -156 + g. What is the units digit of j?
7
Let t = 18 + -43. Let s = t - -23. Let y(a) = -9*a - 5. What is the units digit of y(s)?
3
Suppose 0 = -97*q + 96*q + 3. Suppose -3*w - 194 = -4*w + q*b, w - 224 = -3*b. What is the hundreds digit of w?
2
Suppose 2*u + 5*j = 75, 0 = -5*u - 4*j + 258 - 62. Suppose 4*p - u = -r - 13, -3*p + 26 = r. Let a = -16 + r. What is the units digit of a?
7
Let v be 7/((-105)/1000)*-6. Suppose 4*c + v = 9*c. What is the tens digit of c?
8
Let v = -1177 - -2037. What is the hundreds digit of v?
8
Suppose -4*l - 8 + 16 = 0. Suppose -290 = -4*z + 5*b, -z = -l*z - 5*b + 60. Suppose -2*o + z = -60. What is the tens digit of o?
6
Suppose 77*v = 80*v + 870. Let w = -189 - v. What is the hundreds digit of w?
1
Suppose 0 = 6*b - 106 - 80. Let v(q) = q + 3. Let r be v(-2). What is the units digit of (0 - b)/(-1*r)?
1
Suppose -7*u + 3*u + 415 = -m, 194 = 2*u + 4*m. What is the units digit of u?
3
Suppose 2*g - 5*s + 455 = 4*g, -673 = -3*g + 2*s. Suppose 5*d - 905 + g = 0. What is the hundreds digit of d?
1
Suppose -2*n - 6 = -4*n. Suppose 0 = s + 5*v + 72, -n*s - 2*v + 0*v - 190 = 0. Let q = -30 - s. What is the tens digit of q?
3
Let f = -276 - -741. What is the tens digit of f?
6
Suppose -679 + 2940 = -19*t. Let k = 249 + t. What is the hundreds digit of k?
1
Suppose 0 = 5*w + q + 8 + 10, -2*q + 4 = 0. Let d be ((-11)/11)/(2/w). Suppose 176 = d*x + 2*x. What is the units digit of x?
4
Suppose 4*m - 35 = -5*x, 0*m + 5*m - 22 = x. Suppose x*l = 5*l - 60. Suppose -4*d = -4*q - 92, 3*d + 3*q = 9 + l. What is the tens digit of d?
1
Let x(a) = 12*a - 62. Let i be x(12). Suppose m - i = 58. What is the tens digit of m?
4
Let r = -58 - -63. Suppose 4*v - 519 = -r*c, -8*v = -2*c - 4*v + 230. What is the hundreds digit of c?
1
Let l(x) = -x**3 + 17*x**2 + 68*x - 8. What is the hundreds digit of l(17)?
1
Let g(f) = -4*f - 13. Let t be g(-7). Suppose -d + t = -51. What is the tens digit of d?
6
Let g(o) = -o**3 - 15*o**2 - 14*o + 3. Let w be g(-14). Suppose 5*p = 2*j + 50, -20 = -2*p + w*j + j. What is the tens digit of p?
1
Let r(v) = -13*v**2 + 48*v - 63. Let d(c) = -7*c**2 + 24*c - 32. Let b(k) = -11*d(k) + 6*r(k). What is the units digit of b(9)?
9
Suppose 2*j = 3*q - q - 156, -q + 2*j = -81. What is the units digit of q?
5
Let f be (-1)/(3/(-1) + (-44)/(-16)). Suppose -2*o - 2*o + 169 = 5*g, 12 = -f*g. What is the tens digit of o?
4
Suppose 0 = 6*d - 4*d - 10. Suppose -2*s - d*w = -90, -s + 4 = -w - 48. What is the units digit of 1/(-1 + 3)*s?
5
Let k(c) = -c + 10. Let d be k(0). Suppose 0 = 2*g + d - 72. What is the tens digit of g?
3
Suppose 3*q - 5*q + 46 = 0. Let b be 4*(1 - (-34)/(-8)). Let s = q + b. What is the units digit of s?
0
Suppose 2*u + 43 = 3*o, 4*o - 6 = -3*u + 23. Let x = -7 + o. What is the units digit of x?
4
Suppose 74*h - 20 = 69*h. Suppose 0 = -b, 3*u - h*b - 9 - 24 = 0. What is the tens digit of u?
1
Let a(n) = 2*n - 3. Let u be a(3). Suppose -3*l = u*l. What is the tens digit of (-10)/(l - (-2)/(-5))?
2
Let u(z) = z**3 + 26*z**2 + 91*z + 39. What is the hundreds digit of u(-20)?
6
Let d be (-6)/(-4)*(-48)/9. Let g(h) be the first derivative of h**3/3 + 7*h**2/2 - 3*h + 57. What is the units digit of g(d)?
5
Let l(j) = j**2 + 8*j + 2. Let p be l(-8). Suppose 0*a - p*q + 14 = 4*a, -3*a + 7 = -2*q. What is the units digit of a?
3
Let p(h) = -h - 1 + 1 + 4*h**2 + 1 + 16*h**2. Let l be p(1). What is the units digit of l/(-2)*(-182)/35?
2
Let v(u) = -5*u - 1. Let f be v(-1). Suppose k + f - 26 = 0. Let t = k + -7. What is the units digit of t?
5
Suppose -4*q + 1 + 7 = 0. Suppose q*c = -19 + 135. Suppose 3*n - 6 = 0, -5*n = -0*s + 2*s - c. What is the units digit of s?
4
Suppose -3*i = -7*i + 240. Suppose 4*t = 24 + i. What is the tens digit of (-6)/t - 354/(-14)?
2
Let l = 46 - 45. What is the units digit of (l + -104)/(-1) - -5?
8
Suppose -3*t - 82 = -4*z - t, -5 = -5*t. What is the hundreds digit of ((-14)/z)/(2/(-474))?
1
Let r be (208/(-1) + 1)/(6/(-4)). Suppose 15*k = 12*k + r. What is the units digit of k?
6
Suppose 3*l + 1671 = 6*l. What is the units digit of l?
7
Let h(j) = j**2 + 6*j - 3. Let y be h(-7). Suppose 11 - 3 = 3*i + k, -5*i - y*k = -11. Suppose f + 0 = i. What is the units digit of f?
3
Let k be 1/2 + 2/(-4). Suppose k = -4*i + 3*i. Suppose -14 = -3*f - 4*o + 57, i = -2*f - 2*o + 48. What is the tens digit of f?
2
Let o = -846 - -1435. What is the units digit of o?
9
Let j = 1035 - 330. What is the units digit of j?
5
Let r(s) = s**3 - 12*s**2 - 23*s + 30. What is the units digit of r(16)?
6
Let k(f) = f**2 + f + 16. Let q(l) = -l**2 + 9*l - 4. Let n be q(8). Suppose n*v = v. What is the tens digit of k(v)?
1
Let s = 629 + 1114. What is the hundreds digit of s?
7
What is the hundreds digit of 954 - ((-3)/7 - (-54)/(-21))?
9
Let k be (-2)/4 - (374/(-4))/11. Suppose -10*o + 336 = -k*o. What is the tens digit of o?
6
Suppose 0 = 2*z - 9 + 39. Suppose 0*q + 64 = 2*q. Let m = q + z. What is the units digit of m?
7
Let f = -54 + 73. Suppose 267 = -16*u + f*u. What is the units digit of u?
9
Let y = 15 - -21. Let a = y - 51. What is the tens digit of (-2 + -1)/(3/a)?
1
Let a = -156 + 287. What is the units digit of a?
1
Let l be (7/(-4))/((-10)/200). Let f = -2 + l. What is the tens digit of f?
3
Let c = 26 - 15. Let r(q) = q - 8. Let g be r(c). Suppose -g*x + 5*x = 64. What is the tens digit of x?
3
Let b = 16 - 14. Suppose 5*c - 5*s - 131 = 234, s = -b*c + 152. What is the units digit of c?
5
Let o(p) = -p - 10. Let d be o(-8). What is the tens digit of d/9 - 3416/(-63)?
5
What is the tens digit of (-128)/(-10)*(25/2 - -5)?
2
Suppose l + 4*k + 50 = -l, 4*l - 2*k = -60. Let p be (-2 - -2)/(2/(-2)*1). Let b = p - l. What is the units digit of b?
7
Let j be (20/(-8) - -2)*-84. Let g = j - 41. What is the units digit of g?
1
Let a be (-22 - -1)*1/1. Suppose 3*h = 3, -30*c = -33*c - 2*h - 133. Let k = a - c. What is the tens digit of k?
2
Suppose 284*h = 273*h + 12265. What is the tens digit of h?
1
Let y(w) = 4*w - 19. Let m be y(6). Suppose -3*v = -m*n - 497, -1 = 2*n - 5. What is the units digit of v?
9
Suppose 0*d = 7*d - 1029. What is the tens digit of d?
4
Suppose 2*k = 707 + 79. What is the tens digit of k?
9
Let f(s) = 8*s**3 - s**2 - 13*s. What is the hundreds digit of f(6)?
6
Let s = 8 + -11. Let k = 26 + -110. What is the tens digit of s + (-4 - k)/4?
1
Suppose -2306*i + 1580 = -2301*i. What is the tens digit of i?
1
Let l = 452 - 18. What is the tens digit of l?
3
Let b(i) = -12*i**3 + 13*i + 4. What is the units digit of b(-4)?
0
Let i(j) = 0*j**3 + j**3 + 0*j**3 + 2 + 14*j**2 - 4. Let w be i(-14). Let a(l) = -4*l - 6. What is the units digit of a(w)?
2
Let d be (36/(-30))/((-2)/(-5)). Let g be 10 + -14 - d/1. What is the units digit of -15*(g - (-2)/(-10))?
8
Let n(i) = i**3 + 15*i**2 - i + 4. Let x = -7 - 8. What is the units digit of n(x)?
9
Let f(k) = -k**3 + k - 2. Let n be f(0). Let v = 7 + n. Suppose v*s + 2*y - 83 = 0, -y + 37 = 2*s - 4*y. What is the units digit of s?
7
Let y(a) = -a - 9 + 4*a + 0*a. Let x = -105 + 112. What is the units digit of y(x)?
2
Let j(o) = 6*o + 2. Suppose 2*r - 6*r - 23 = -3*a, 0 = -2*r + 5*a - 29. Let d = 1 - r. What is the tens digit of j(d)?
2
Let f(m) = -4*m**3 + 4*m**2 - 3*m + 2. Let d be f(2). Suppose 2*c - 4*x + 67 